0 - 2)
-4
Evaluate -3 - (1 + -5 - 5 - 0).
6
Calculate 0 - -1 - (6 - 9 - -3).
1
What is the value of -1 - (-4 + 11 - 5)?
-3
Calculate (0 - 0) + -1 + (-4 - -5).
0
-2 + (10 + -2 - (6 + -2))
2
0 + -2 + (-3 - -6)
1
Evaluate (5 - 7) + (-16 - -21).
3
5 - (7 + -12 + 2)
8
4 + -2 + (-12 - -13)
3
Calculate 0 + -7 - (1 + -10).
2
What is (-1 - (7 + -5)) + (8 - 0)?
5
Evaluate (13 - 6) + -4 - 4.
-1
What is the value of 0 + -10 - (-5 - (-8 + 3))?
-10
What is (24 - 25) + 4 + 1?
4
What is (-4 - 1 - -11 - 6) + 1?
1
8 + -3 + 7 + -9
3
What is the value of 5 + (1 + -8 - (1 - 4))?
1
Calculate -3 + (4 - (0 + 4) - 2).
-5
8 + -15 + -8 - -12
-3
What is 5 - (5 - 6 - -8)?
-2
What is the value of 2 + 1 + 2 + 0?
5
What is 2 + (0 - 2) - -2?
2
Evaluate 1 + -5 - (6 - 11).
1
Calculate (-1 - -1 - -2 - -3) + 0.
5
What is 6 + -3 + 0 + 4 + -5?
2
What is -14 + 16 + (-6 - 0)?
-4
Calculate (-3 - (-3 - (-3 + 2))) + -3.
-4
What is the value of (-10 - -8) + (-5 - -2)?
-5
What is the value of -7 - (-10 + (1 - -1))?
1
Evaluate 7 + 1 + (3 - 8) + -1.
2
Evaluate (10 + -4 - -2) + -5.
3
What is 1 - (7 - (-1 - -12))?
5
Evaluate -5 + (0 - (4 - 4)) + 0.
-5
Evaluate (-2 - -3) + 2 + -8.
-5
Evaluate 0 + -4 + 13 + -1 + -4.
4
Evaluate 9 - ((1 - -5) + -7).
10
What is -1 - (-2 + (3 - 1) - -4)?
-5
Calculate 1 + (1 - (-4 + 4)) - 3.
-1
What is -4 + 1 + 3 - 2?
-2
What is the value of -15 + 17 - (-1 + 1)?
2
Calculate 6 + -8 + 6 - (7 - 1).
-2
Evaluate (0 - 3) + -2 + (8 - 7).
-4
Calculate 3 + (-10 - -3) - (2 + -14).
8
Calculate 4 + (2 - (-2 - -1) - 3).
4
What is 4 - (-3 + (1 - (-8 + 4)))?
2
What is the value of -7 - (-6 - 8) - 12?
-5
(3 - 7) + (1 - -7)
4
Calculate -7 - (8 + -12) - (-2 - 0).
-1
Evaluate (-4 - -5) + 1 + 2 + -9.
-5
(-3 - 1) + -2 + 4
-2
Evaluate 0 + -6 + 1 + 3.
-2
Calculate 1 + 7 + 2 + -3.
7
What is (-1 - 1) + (7 - (-8 + 9))?
4
Evaluate (4 + (-4 - -3) - 9) + -1.
-7
-2 - (-1 + (-3 - 2))
4
Calculate -4 + 7 + 1 - (4 + 0).
0
4 + -12 + 1 + 4
-3
Calculate -2 + 3 + (-2 - (-8 + 2)).
5
Evaluate -2 - (-5 + (3 - 5)).
5
What is the value of (-6 - -8) + -6 + 7?
3
What is -5 + -4 - (-2 - 6)?
-1
What is the value of 1 + -2 + (-2 - -7)?
4
15 + -8 + -4 + (0 - 2)
1
Evaluate -4 - 0 - (-4 + 1).
-1
Calculate 0 + -3 + 0 + -1 + 3.
-1
Evaluate -4 - (2 + -3 - -4) - -3.
-4
What is the value of 1 - 2 - 3 - -9?
5
Evaluate 9 + -19 + 11 - -3.
4
What is 7 + -10 + 11 + -3?
5
What is the value of -12 - -16 - (1 - (2 - 2))?
3
Calculate (12 + -5 - 7) + 1 + 1.
2
Calculate (8 - 3) + 0 - 8.
-3
(8 - (-1 + 5) - 1) + -8
-5
12 + (-1 - 4) + -10
-3
What is the value of 18 - 18 - (-5 - 0)?
5
What is (-5 + 2 - 4) + -1 - -2?
-6
0 - ((11 + -1 - 2) + -4)
-4
What is the value of -12 + (11 - (7 - 3)) + 7?
2
-14 + 0 + 6 - -14
6
What is the value of (-5 - -6 - -3) + -2 + 5?
7
What is the value of 12 + -8 - (2 + -3) - 1?
4
7 + -8 + 10 - 0
9
What is -3 - (4 + (-6 - -1) - 0)?
-2
What is 14 + -18 - (-1 + -2 + 2)?
-3
What is the value of 0 - (2 - (0 - -2)) - -5?
5
Evaluate (-3 - -8) + (-4 - (4 - 2)).
-1
Calculate 5 - 4 - 15 - -10.
-4
30 + -33 + 1 + 0 + -1
-3
Calculate -8 + (-8 - -3) + 8.
-5
-1 + 3 + -2 + 2 + -2
0
Calculate (10 - 5) + -11 + -1.
-7
What is (4 - 6 - (-2 - 4)) + 0?
4
What is (-5 - (-5 - (6 + -5))) + -1?
0
-9 + 3 + 8 - 6
-4
Evaluate 1 - (-13 - -9) - 2.
3
Evaluate (-5 - 8) + -5 + 11 - 2.
-9
What is (2 - -13) + 6 + -13?
8
Calculate 1 + (-1 - (0 - 2)) - 4.
-2
Evaluate 2 - (-7 + -1 + -3 - -5).
8
Calculate 0 + -4 + 3 + -1 + 3.
1
Evaluate 5 + (-5 + 10 - 10).
0
What is -3 + (-1 + 4 - 5)?
-5
What is 5 - 3 - (1 + 1) - -3?
3
(1 - 4) + -29 + 28
-4
-2 + -16 + 8 - -5
-5
What is the value of (7 + -6 - 1) + 3?
3
What is 2 + (4 - 8) + -3?
-5
Calculate 0 + -5 + 2 + 1 - -5.
3
What is the value of 8 + -1 + (-56 - -49)?
0
-1 + (-21 + 17 - (0 - 0))
-5
Evaluate 0 - (0 + (-5 - -2)).
3
Calculate (5 - 5 - 7) + 11.
4
What is the value of -8 - (4 + (-7 - 2) + 1)?
-4
Calculate (19 - 19) + -3 + (-1 - 6).
-10
Evaluate -1 + -4 + (4 - 4) + 8.
3
What is 39 + -38 + (1 - (-2 - -2))?
2
What is the value of 3 + -3 - 0 - (-1 - -3)?
-2
What is the value of 3 + 2 + -3 + 6 + -3?
5
-4 - (-2 + -8 + 1 + 5)
0
Calculate (4 - (5 + -7 - -6)) + -7.
-7
What is the value of (21 - 25) + 0 + 0?
-4
Calculate 4 + (9 - 18) + 2.
-3
What is -2 + (2 + 1 + -4 - 3)?
-6
What is (11 - 13) + (-5 - 3)?
-10
What is -1 + (4 - (-7 + 6)) + -8?
-4
Calculate 0 + 10 + (-9 - -2).
3
1 + (-4 - (-3 - 1))
1
-8 + 4 - (-4 + 1 + 0)
-1
Calculate (2 - 2) + -6 + 4.
-2
What is -3 + (-1 - (-4 + -4))?
4
13 - (-4 - 8 - -24)
1
Calculate 3 - (1 + 1 + 2).
-1
Evaluate (0 - 1) + (3 - 0 - 4).
-2
What is the value of -7 + 3 + 2 - -6?
4
What is the value of 2 + -1 + -2 - (-302 - -306)?
-5
Evaluate (-9 + 11 - -15) + -12.
5
What is 6 + (-2 - (2 + -4) - 8)?
-2
What is the value of -9 + 10 - (-10 + 6)?
5
Calculate (0 - 0) + (18 - 19).
-1
2 - -2 - (-5 - -6) - 1
2
Evaluate -5 - (-5 - -7 - -1 - 6).
-2
-13 - (-5 + -20 - -13)
-1
Evaluate 1 + (16 + -13 - (2 - -1)).
1
-4 - (2 + 6) - -7
-5
Evaluate (-4 + 1 - -7) + 3 + -7.
0
Calculate 0 - (-1 - (3 - 2) - 1).
3
Calculate (-4 - (-1 - 0) - -5) + 2.
4
What is the value of (23 - 1 - 13) + -7?
2
What is -1 + -1 + (10 - (-12 + 14))?
6
Calculate -8 + 1 + 24 + -11.
6
What is 4 + -3 - (2 - 5 - -7)?
-3
4 - (-5 + 11) - -11 - 2
7
4 + (-3 - (-1 + 2 - 0))
0
(0 + 1 - (1 - 12)) + -6
6
What is -4 - (2 + -8 + 5)?
-3
What is 0 - (-6 + 1 + 0 + -1)?
6
What is the value of -6 + 0 + 11 + -7?
-2
What is the value of 3 + (-3 + -4 - 0) + 2?
-2
What is (-2 - 1) + (-1 - (3 - 10))?
3
Evaluate -2 + (7 - (7 - 8)).
6
What is the value of (-1 - 2) + (-2 - -6)?
1
11 + -4 + (0 - (2 - -6))
-1
What is the value of (-10 - (-1 - -2)) + 212 + -207?
-6
Evaluate 2 + (13 - (4 + -4) - 6).
9
What is -1 - (-4 + 4 + 2)?
-3
What is 0 + 7 - (-5 + 10) - 4?
-2
4 + 0 + -5 - (0 + 0)
-1
What is 4 + (-2 + (3 - 1) - 0)?
4
(-4 - 0) + (5 + -15 - -10)
-4
-5 - (-11 - (2 + -7))
1
-1 - (1 + 1 - 10)
7
What is the value of 9 - 14 - 3 - -8?
0
What is 6 + -14 - -2 - -2?
-4
What is 0 + -1 - (9 - (6 - 1))?
-5
What is 1 - (-5 - -10) - 1?
-5
5 - (3 + 2) - -3
3
What is the value of (2 + -2 - 7) + (0 - -1)?
-6
What is 0 - 1 - (-6 - (-2 - -1))?
4
What is the value of -1 + 0 - (-115 + 109)?
5
Calculate 4 - ((-1 - -3) + -6 - -5).
3
What is -12 + 3 + -19 + 21?
-7
-4 + (-2 - -5) + 3
2
Evaluate (3 + -6 - -1) + -7.
-9
What is the value of 3 + (-3 + 9 - 3)?
6
What is the value of 10 - (0 - 5 - -6) - 4?
5
Calculate -14 - (22 - 14 - 20).
-2
What is the value of -5 + 11 - (4 - 0)?
2
Evaluate 11 + -5 + 0 + -3.
3
(7 - (-4 - (-5 + -4))) + -6
-4
1 + (-2 - -2) + -3
-2
What is -9 + 1 + -21 + 31?
2
Evaluate 2 + 1 + -4 - 1 - -1.
-1
What is the value of (-1 - 1) + 1 + -13 + 16?
2
(-14 - -8) + (0 - -5)
-1
Calculate 4 + 7 + -18 - -5.
-2
What is the value of 6 + (-4 - -3 - (-1 - 3))?
9
What is 1 + (2 - (-2 + 6) - -5)?
4
-5 - (8 - 10 - -3)
-6
7 + (9 - (3 + (1 - -3)))
9
Calculate (-7 - (-8 - 6)) + -2.
5
What is the value of 20 + 2 + -11 + -4 + -1?
6
(-2 - 2) + -11 + (16 - -1)
2
What is (-1 - -9) + (16 - (1 + 19))?
4
What is the value of (9 - 3) + -6 + 0 + 3?
3
Calculate -7 - (3 - -1 - 9).
-2
Calculate -1 + 1 - 4 - -2 - -2.
0
Calculate -7 - -7 - (7 + -2).
-5
Calculate 0 - (-4 + 3) - (-4 + 5).
0
What is (-2 - (-9 + 3)) + 11 + -10?
5
(-3 - -6 - 1) + -2
0
Calculate (104 - 103) + (-1 - 0 - 1).
-1
What is 3 + (3 - 10) - 3?
-7
-5 - (7 + -3 + -6)
-3
4 - (-4 - (4 + -9)) - 6
-3
What is the value of -4 + 2 - -2 - 1 - 4?
-5
Calculate -61 - -60 - (2 - -1).
-4
-45 + 36 - (-7 - -1)
-3
What is the value of -4 - (0 - -1 - 1)?
-4
What is the value of -5 + -8 + 5 + 12?
4
What is the value of -7 + (1 - (-3 + 5 - 3))?
-5
Calculate 1 + -4 - (-3 + (-27 - -16)).
11
10 - 2 - 6 - 6
-4
What is 1 + -1 + 11 + -2 + -14?
-5
Calculate (-4 - (-6 + 3)) + 6.
5
What is the value of 0 + 1 + -3 + 5?
3
What is 10 + -11 + (3 - -1)?
3
Evaluate 2 + -3 + -4 + 7.
2
Calculate (4 - 0) + -2 + 0.
2
-2 + 4 - (5 + -5)
2
3 + -5 + 1 + 5
4
Evaluate 1 - ((-2 - -3 - 2) + -3).
5
Evaluate -1 + (3 + 0 + -1 - -2).
3
Evaluate 0 - (-3 - 0 - 0).
3
Calculate -1 - -11 - (-2 + 9 + -1).
4
What is 1 - (-2 - -4 - 8)?
7
Calculate -4 + (-3 - -2) + (-6 - -6).
-5
What is -29 + 33 - (4 - 0)?
0
Evaluate (11 - -1 - 8) + -9.
-5
Evaluate 5 + -7 - (10 + -18).
6
(1 - -1) + -9 + 10 + 0
3
0 - (4 + -5) - -1
2
What is (0 - -1) + -1 - (12 + -6)?
-6
(8 - -3) + -9 - 2
0
Eval